e 2*g = -3*l + m, 4*l - 20 = -2*g - 0*g. Suppose -5*d + 13 + l = 0. What is the units digit of d?
4
Let k be -4*((-8)/(-24))/((-8)/18). Suppose 4*f = 12 - 4. Suppose -f = -b + k. What is the units digit of b?
5
Suppose 0 = 5*b - 4*d - 25, -4*b - 3*d + 2*d = -20. Suppose 111 = b*l - 44. What is the units digit of l?
1
Suppose -51 = -4*p + 2*z + 3*z, -3*p - 3*z + 45 = 0. Let l = -18 + p. What is the units digit of ((-8)/(-12))/(l/(-198))?
3
Let b(i) = i**2 - 16*i + 85. What is the hundreds digit of b(28)?
4
Let f(h) = -6*h - 2. Let j(a) = -11*a - 3. Let l(g) = 5*f(g) - 3*j(g). Let o be l(3). What is the units digit of ((-63)/(-6))/(6/o)?
4
Let t(l) = -2*l + 8. Let y be t(12). Let j = -157 + 93. What is the tens digit of 8/j - 450/y?
2
Suppose 0 = -3*b - v + 2*v - 5, 10 = -5*b + 2*v. Suppose 0 = 9*a - 94 - 356. Let q = a + b. What is the units digit of q?
0
Let r = 1 + 1. Let q(u) = 3*u**2 - 7*u + 8. Let h(m) = -m**2 - 1. Let g(b) = r*h(b) + q(b). What is the units digit of g(7)?
6
Suppose 42*i = 6281 + 19087. What is the hundreds digit of i?
6
Let n be 3*1*(-22)/(-6). Suppose -9 = -4*p - 29, -m = -5*p - n. Let t = 21 + m. What is the units digit of t?
7
Let j(s) = -13*s**2 + s + 1274. What is the tens digit of j(0)?
7
Let n be 10/(-50) + 88/(-10). Let q = n - -44. What is the units digit of q?
5
Let s(n) = -n**3 + 4*n**2 + 3*n - 10. Let l(k) = -26*k**2 + 2 + 5*k + 27*k**2 + 2. Let w be l(-5). What is the units digit of s(w)?
2
Let v = 487 - 707. Let h = 435 + v. What is the units digit of h?
5
Suppose -4*a = -0*a + 180. Let z = a - -133. What is the units digit of z?
8
Suppose -26*u = 4*u - 11220. What is the units digit of u?
4
Suppose 3*j - 4*j = -115. Let h = j + -15. What is the hundreds digit of h?
1
What is the hundreds digit of 0 + 150 + (-1)/(4/16)?
1
Let i = -18 - -36. Let r = 38 - i. What is the tens digit of r?
2
Suppose 0 = 2*c + 2*f - 5946, 17*c - f + 5941 = 19*c. What is the units digit of c?
8
Suppose -90*p = -144250 - 60590. What is the units digit of p?
6
Let a be (-16)/(-120) - (-1436)/30. Suppose -m - a = -3*m. Suppose -m = -4*n + n. What is the units digit of n?
8
Let z(s) = -s**2 - 8*s - 5. Let t be z(-5). Let n be 94/t - 4/10. What is the tens digit of ((-47)/(-4))/(n/36)?
4
Let n(g) = -2*g - 32. Let k be n(-18). What is the tens digit of (1 - k) + 440/8?
5
Suppose 0*r - 5*r + 25 = 0. Suppose 211 = 2*l - 69. Suppose 9*i = r*i + l. What is the tens digit of i?
3
Let r(z) = -z**3 - z**2 - z. Let h be r(-4). Suppose 28 = n - h. What is the tens digit of n?
8
Let b(y) = -12 + 1 + 132*y - 125*y. Let u be b(5). What is the units digit of (u/(-9))/(2/(-57))?
6
Suppose -18*b - 258 = -24*b. What is the tens digit of b?
4
Let o(q) = 2*q**3 + 2*q**2 + 3*q - 6. Let b(d) = 3*d**3 + 4*d**2 + 6*d - 11. Suppose 5*c - 6*c = 3. Let t(a) = c*b(a) + 5*o(a). What is the units digit of t(3)?
3
Let z(v) be the second derivative of v**4/4 - 2*v**3 + 41*v**2/2 + 8*v. What is the tens digit of z(7)?
0
Suppose -412 = 25*m - 26862. What is the units digit of m?
8
Suppose -r + 11 = -0*r. Let k(j) = 58*j - 16 - 112*j + 59*j. What is the units digit of k(r)?
9
Suppose -10*m + 9*m + 2 = 0. Let a(u) = 1 - 2*u - u + m + u. What is the units digit of a(0)?
3
Suppose -48*n + 30628 = -35*n. What is the hundreds digit of n?
3
Suppose 2*d - 6 - 2 = 0. Suppose -d*j + 5 = -3. Suppose 3*n = -n - v + 113, v - 57 = -j*n. What is the tens digit of n?
2
Let v(d) = d**3 + 6*d**2 + 2*d - 12. Let x(b) = 4*b + 27. Let r be x(-8). What is the units digit of v(r)?
3
Suppose 3*t - 3*m - 291 = 0, t - 6*t - 4*m + 494 = 0. Let j = t + -28. What is the units digit of j?
0
Suppose 326 + 1312 = 2*x. What is the units digit of x?
9
What is the units digit of (-2 - -4)/((-24)/(-20892))?
1
Suppose 22*w = -26*w + 163488. What is the thousands digit of w?
3
Let w(p) = 5*p - 10. Let c(h) = -4*h + 9. Let b(m) = m**3 + 2*m**2 - 3*m - 3. Let i be b(-3). Let x(t) = i*c(t) - 2*w(t). What is the units digit of x(5)?
3
Suppose -138 = 3*w + 66. Let l = 24 - w. What is the units digit of l?
2
Suppose -629 = -k - 4*a, -11*a = -k - 6*a + 584. What is the hundreds digit of k?
6
Let h be 21/(-35) + (-23)/(-5). Suppose -18 = -h*r + 134. Suppose p = -v - v + r, v - p = 22. What is the units digit of v?
0
Let n(m) = 3*m**2 + 4*m**2 - 3*m - 4*m**2 - 4 - 1. Let h be n(-6). Suppose 2*s - h = -3*u, -3*u - 5*s - 26 = -153. What is the units digit of u?
9
What is the tens digit of ((0 - 2)/(-2))/(13/1092)?
8
Let a = 3939 - -156. What is the tens digit of a?
9
Let u(v) = 3*v - 34. Let q be u(14). Suppose 0 = 10*f - q*f - 168. What is the tens digit of f?
8
Suppose r - d = 4, 2*r + 5*d + 1 = 2. Suppose 4*z - r*z - 5 = 0. Suppose -4*u + 5*s = -6 - 10, z*s - 56 = -4*u. What is the units digit of u?
9
Suppose -11 = j - 27. Suppose -5*v = -j - 94. What is the tens digit of v?
2
Let z = 60 - 195. Let i = -67 - z. What is the tens digit of i?
6
Let p(m) = -m**2 + m - 8. Let k be p(4). Let l = -21 - k. What is the tens digit of -31*(1 - 3) + l?
6
Let o be (340/51)/(4/438). Suppose -o = -6*t + 380. What is the hundreds digit of t?
1
Suppose 10*x + 11 = -19. What is the tens digit of -1 - x - (-193 + 3)?
9
What is the hundreds digit of (9/84)/((-4)/(-64))*623?
0
What is the tens digit of ((-513)/(-114))/(2*3/760)?
7
Let g be ((-9)/6)/(4/(-8)). Suppose -8*i + 20 = -g*i. What is the tens digit of (-1000)/(-36) - i/(-18)?
2
Let h = 47 + -32. Let z(r) = -h - 9*r + 6*r - 2. What is the units digit of z(-7)?
4
Suppose -3201 = -18*h + 7*h. What is the units digit of h?
1
What is the thousands digit of 2164 + -1 - (6 + -11 + 8)?
2
Suppose -3*b - 21*m + 19*m = -5198, -5*b + 2*m + 8642 = 0. What is the tens digit of b?
3
Let l = -9 - -15. Let k(z) = -2*z + 4. Let o be k(l). What is the tens digit of ((-27)/2)/(4/o)?
2
Suppose 317*r = 313*r + 4. Let t(p) = 37*p**2 - 2*p + 1. Let d be t(1). Suppose -d + r = -i. What is the units digit of i?
5
Suppose 7*y + 2 = 16. Suppose 19 = -5*z - 11. What is the tens digit of (-4)/z*75/y?
2
Let u = -16 + 18. Let x be (98/4)/(u/(-4)). Let r = -35 - x. What is the units digit of r?
4
Let v = 538 - 308. Let s = v - 150. What is the tens digit of s?
8
Suppose -f - 22*f + 8901 = 0. What is the tens digit of f?
8
Suppose 0 = -3*p + 8*p - 18075. What is the units digit of p?
5
Suppose 0 = -51*q + 57*q - 6066. What is the tens digit of q?
1
Let z(s) = -s - 1. Let r(h) = 5*h**2 - 9*h - 7. Let g(j) = r(j) + 5*z(j). What is the units digit of g(8)?
6
Suppose 56 = 2*u - 3*h, 0*h - 12 = 3*h. Let k = 18 - u. What is the tens digit of (0 - -17)*(k + 5)?
1
Suppose -328*h = -324*h - 1744. What is the hundreds digit of h?
4
Let o(v) = 400 + 0*v + 7*v - 421. What is the units digit of o(10)?
9
Let w = 7 + 13. Let h be ((-56)/w)/((-2)/5). Suppose -g = -2*p + h*p - 22, -p - 77 = -2*g. What is the units digit of g?
7
Let k be 196*(4 - 0 - 3). Suppose -v + 10 = 2*l - 55, 3*v + 5*l - k = 0. What is the units digit of v?
7
Let i be 15/6*4/5. Suppose -i*b + 48 = -38. What is the tens digit of b?
4
Let j(o) = 26*o - 1. Let m(p) = 25*p - 1. Let s(a) = 5*j(a) - 4*m(a). What is the units digit of s(6)?
9
Let l(j) = -23*j + 15. Let o be l(-10). Suppose s - 189 = -y, -3*y + 5*s + o = -290. What is the units digit of y?
5
Suppose 58*b + 10590 = 64*b. What is the thousands digit of b?
1
Let n(a) = -2*a - 13. Let d be n(-8). Suppose 4*o + q - 200 = o, -d*q = 12. What is the units digit of o?
8
Let h = 47 + -56. What is the units digit of 8/(-20)*(-1 + h)*40?
0
Suppose -2510*s + 2505*s = -24980. What is the hundreds digit of s?
9
Suppose -d + 16 = -3*d. Let n be d/(-52) - 48/(-26). Suppose -t - m + 1 = 0, n*t = -3*t + 4*m + 32. What is the units digit of t?
4
Let b(t) = 2*t**2 - 7*t - 11. Let y be -8*(1 + (-2)/4). What is the tens digit of b(y)?
4
Let d(w) be the third derivative of 4*w**5/15 - 5*w**4/24 + 2*w**3/3 + w**2. Suppose -86*f = -93*f + 14. What is the units digit of d(f)?
8
What is the units digit of 203 + 189 + 2/4*0?
2
Suppose c - 9 + 0 = 0. Let t = c + -9. What is the units digit of (8/(-2 + t))/(-2)?
2
Let c(y) be the first derivative of y**4/8 - 2*y**3 + 5*y**2/2 - 4. Let z(m) be the second derivative of c(m). What is the tens digit of z(12)?
2
Let n(s) = 8*s - 12. Let c = 31 + -23. What is the tens digit of 